2
Suppose -3*o + 30 = 3*m + 6, 0 = 4*o - 16. Suppose -b + m*b = 30. What is the units digit of b?
0
Let d(r) = r**2 + 14*r + 3. Let f be d(-12). Let j = f - -34. What is the tens digit of j?
1
Let g(z) = z**2 - 14*z - 3. What is the tens digit of g(19)?
9
Let z(x) = 50*x**3 - x**2 + x. What is the tens digit of z(1)?
5
Suppose -60 = -5*f + 2*f. What is the tens digit of f?
2
Let y(p) = 2*p**2 - 5. What is the tens digit of y(-5)?
4
Let h = 14 - -20. What is the tens digit of h?
3
Let r be (-4)/(-8) + (-10)/(-4). Suppose r*x - 5*q = -40, -4*x + 3*q = 35 - 0. Let b = x - -7. What is the units digit of b?
2
Suppose 0 = -5*h + h - 16. What is the units digit of (10/(-15))/(h/18)?
3
Let t(w) = -w**2 - 8*w - 4. Let o be t(-7). Suppose -n = -o - 3. What is the units digit of n?
6
Let c be (26/3)/((-8)/(-60)). Let v = c - 34. What is the tens digit of v?
3
Let t(u) = -2*u**2 - 6*u + 3. Let o be t(-5). Let b = o + 44. What is the tens digit of b?
2
What is the tens digit of (-2 + 4)*(-315)/(-10)?
6
Let b = 19 + -4. Suppose 3*k - 18 - b = 0. What is the units digit of k?
1
Let m = 11 - 18. Let b(t) = -t**2 - 8*t - 6. What is the units digit of b(m)?
1
Let q be ((-12)/(-10))/((-6)/(-45)). Let o = -5 + q. What is the units digit of o?
4
What is the tens digit of 4/1 - 1164/(-12)?
0
Let f(s) = s**3 - 7*s**2 - s + 8. Let g be f(7). Suppose 0 = -2*d + g + 3. What is the units digit of d?
2
What is the units digit of (-2 - 2) + (-6)/((-6)/65)?
1
Suppose 7*q - 611 = 166. What is the hundreds digit of q?
1
Suppose 2*o = -c + 19, -3*c + 28 + 5 = 3*o. What is the units digit of o?
8
Let n be (-1)/((5/2)/(-5)). Suppose 2*k + 13 = -5*a - n, 0 = 3*a + 2*k + 9. Let x = a + 8. What is the units digit of x?
5
Let x = 59 - 32. Suppose -4*l + 0*w = -w - x, 3*l - 2*w = 24. What is the units digit of l?
6
Let v(r) = 9*r**2 + 11*r - 16. Let o(d) = -4*d**2 - 5*d + 8. Let w(j) = -7*o(j) - 3*v(j). What is the units digit of w(-7)?
7
Suppose -g = 4*g - 440. Suppose -4*u + g = 2*x, -8 = -u + 2*x + 24. What is the units digit of u?
4
Let m = -10 + 50. What is the units digit of m?
0
Let j be -5*((-118)/5 - -2). Suppose -4*k + j = -0*k. What is the units digit of k?
7
Let u(k) = -k**3 + 6*k**2 + 2*k - 6. What is the tens digit of u(5)?
2
Let i = 126 - -175. What is the units digit of i?
1
Suppose -3*b + 163 = 4*w - 24, -2*w + 66 = -4*b. What is the tens digit of w?
4
Let q be 2/(-3) + 202/6. Suppose 0*y - q = -3*y. What is the units digit of y?
1
Let v = 36 - 22. What is the tens digit of v?
1
Suppose -4*w = 2*h - 165 + 13, -2*w + 84 = 5*h. What is the tens digit of w?
3
Let i(k) = k**3 - 6*k**2 + 2*k - 7. Let z(r) = -5*r**3 + 1. Let o be z(-1). What is the units digit of i(o)?
5
Let t = 486 + -185. What is the units digit of t?
1
Let h(m) = -2*m. Let q be h(-2). Suppose -2*c + 25 = -7*c, 4*w + 4*c = 0. Suppose w = q*l - 3*l. What is the units digit of l?
5
Let o = 54 + -28. Let i be o/3 - 2/3. What is the tens digit of i + -6 - (-1 + -8)?
1
Let w(u) = u + 1. Let a(h) = h - 6. Let q(o) = -a(o) + 2*w(o). Let y be q(-6). Suppose y*d = 3 + 11. What is the units digit of d?
7
Let p = -51 - -137. Let d = p + -48. What is the tens digit of d?
3
Let g(z) = z**3 + 5*z**2 + 2*z - 2. Let n be g(-4). Suppose 5 = 5*r - 0. Let h = r + n. What is the units digit of h?
7
Let c(s) = -s**3 + 8*s**2 + s. Let l = 2 - -6. What is the units digit of c(l)?
8
Suppose -z + 15 + 56 = -5*g, -z = 5*g - 61. What is the units digit of ((-28)/6)/((-11)/z)?
8
Let i = -420 - -683. What is the hundreds digit of i?
2
Suppose -4*d + l + 38 - 3 = 0, -3*d + 5*l = -5. What is the units digit of d?
0
Suppose y - 6*y - 3*c - 5 = 0, -2*y + c - 13 = 0. Suppose -i - 18 = 2*i. What is the units digit of 27/i*y/3?
6
Let u = 0 - 4. Let g = -4 + u. Let d = -7 - g. What is the units digit of d?
1
Let v(q) be the third derivative of q**5/30 + q**4/24 + q**3/3 - 10*q**2. What is the units digit of v(2)?
2
Let j = 3 + 25. What is the units digit of j?
8
Let s = -19 + 28. Suppose -1 = -m - w, -2*m + 5*w + 5 = -4. Suppose s - 29 = -m*c. What is the tens digit of c?
1
Suppose -d + 4 = -5*s - 59, -s - 23 = 5*d. Let x = 22 + s. What is the units digit of x?
9
Let i(f) = f**2 + 3 - 6*f + f + f**2. What is the tens digit of i(4)?
1
Let v(x) = -x**3 + 2*x**2 + 4*x + 1. Let y be v(3). Suppose -f + 25 = y*f. What is the units digit of f?
5
Let t(h) = 4*h - 2. Let y be t(2). Let g be (-2)/(-8) - 7/(-4). Let v = y - g. What is the units digit of v?
4
Let c(g) = -g**3 + g**2 - g + 15. Suppose 0 = i - 3*i. What is the units digit of c(i)?
5
Suppose -2*w = -10, -2*w + 55 = 5*z + 3*w. Let h(f) = 4*f - 9. Let s be h(z). What is the units digit of (-98)/(-6) - (-10)/s?
7
Let s = 11 - 7. Suppose -s = -3*f - 1. What is the units digit of ((-4)/12)/(f/(-6))?
2
Suppose -2*t - 2*u + 32 = 0, -u - 40 = -3*t - 0*u. What is the units digit of t?
4
Let o be 44/10 - (-4)/(-10). Suppose 0*q - q = -o. Suppose -q*r = -t - 48, -2*r + 3*t + t + 38 = 0. What is the units digit of r?
1
What is the tens digit of (-10)/45 - (-767)/9?
8
Suppose -3*f = 4*f - 231. What is the tens digit of f?
3
What is the units digit of -12*((-24)/9)/4?
8
Suppose -5*s - 2*f = -7*f - 190, 0 = -4*s + 3*f + 151. What is the units digit of s?
7
Suppose 4*f - 4*m + 3 = -3*m, 2*m = 4*f - 2. Let a be f*2/(-3 - -1). Let v = a - -8. What is the tens digit of v?
1
Let o = -21 + 33. Suppose i - 29 = 4*c, 4*i + 5*c = o + 83. What is the units digit of i?
5
Let f(x) = -3*x - 3. Let n be f(-5). Let k(g) = -g**2 - 3*g + 1. Let q be k(-4). Let l = q + n. What is the units digit of l?
9
Let n(y) = 5*y - 4. What is the units digit of n(8)?
6
Let q = 11 - 5. What is the units digit of q?
6
Let d(o) = 0*o**3 - 3*o**3 + 2 + 4*o**3 - 5*o**2. Let s be d(5). What is the units digit of s + (1 + 0)*0?
2
Let t(b) be the third derivative of -b**4/8 - 3*b**2. What is the units digit of t(-3)?
9
Let m = 13 - 1. Suppose m = h - 5. What is the units digit of h?
7
Suppose -11*p + 15*p - 344 = 0. What is the units digit of p?
6
Suppose -1278 = 2*u - 5*u. What is the units digit of u?
6
Suppose -3*n = -5*o + o + 128, 5*n = -4*o + 128. What is the units digit of o?
2
Suppose -35 - 101 = -8*l. What is the units digit of l?
7
Suppose 4*l - 5*q = 32, 5*l - 1 + 2 = -4*q. What is the units digit of (-1)/(-3)*19*l?
9
Let q(b) = 10*b + 18. What is the hundreds digit of q(13)?
1
Let f be 0 + -1 - (-9 - -4). Let j be 22/8 + (-3)/(-12). Suppose -j*s - 2*u = -9, -4*s - s + 13 = f*u. What is the units digit of s?
5
Suppose -3*y + 5*y - 8 = 0. Suppose -26 - y = 5*x. What is the units digit of (x/(-4))/(1/6)?
9
Suppose 2*c = -4*z + 7*c + 15, 2*z - 3*c - 9 = 0. Let b = 14 - z. What is the tens digit of b?
1
Let q be (0*(-3)/(-9))/2. Suppose s - 42 = -2*s. Suppose 2*z - 10 - s = q. What is the tens digit of z?
1
Let h(m) = -m**2 - 5*m + 6. Let g be h(-6). Suppose g = -5*t - q + 47, -t - t - q = -20. What is the units digit of t?
9
Suppose v = -0*c + 5*c - 18, 3*c - 6 = 3*v. Suppose -3*g + 9 = -v*g. What is the units digit of g?
9
Let q be 6*(2 - 4/6). Suppose -q = 3*c + c. What is the units digit of 32/12 + c/3?
2
Let i be 3/(-9) + (-260)/(-6). Suppose -4*t + 3*k + i = 2*k, 4*k = 20. What is the units digit of (-1 - -2)/(1/t)?
2
Suppose 0 = -i - x - 0*x + 163, -i + 2*x = -166. What is the tens digit of i?
6
Suppose 2*n - 4*g + 6 = 2, -4*g + 6 = -n. Suppose 2*y = 3*y + 3*s - 10, 3*y + n*s = 51. What is the units digit of y?
9
Suppose -2*q + 100 = 16. What is the units digit of q?
2
Let p(l) = -28*l**3 - l. Let t be p(-1). Let u = -19 + t. What is the units digit of u?
0
Suppose -2*i + 11 = 3*n + 3*i, -28 = -4*n - 4*i. Suppose -x + 3*o + n = 0, 4*x + 4*o - 48 = 3*o. Suppose -x = -5*b - 2. What is the units digit of b?
2
Let p = 220 + -126. Suppose -4*f - 5*y = -f - 152, -p = -2*f + 4*y. What is the units digit of f?
9
What is the tens digit of 14/((-6)/4 + 2)?
2
Let l(t) be the second derivative of t**4/2 + t**3/6 + 2*t. What is the units digit of l(1)?
7
What is the units digit of 5*31 + 3 + (-11 - -8)?
5
Let l(i) = -i**3 - 9*i**2 + 1. Let c be l(-9). Let z(x) = 15*x + 1. What is the units digit of z(c)?
6
Let r = -4 - -7. Let x be (-1)/r + (-1)/(-3). Suppose -5*d - p - 13 + 61 = 0, x = 3*d - 3*p - 18. What is the units digit of d?
9